[INFO] cloning repository https://github.com/daemonl/osmad
[INFO] running `Command { std: "git" "-c" "credential.helper=" "-c" "credential.helper=/workspace/cargo-home/bin/git-credential-null" "clone" "--bare" "https://github.com/daemonl/osmad" "/workspace/cache/git-repos/https%3A%2F%2Fgithub.com%2Fdaemonl%2Fosmad", kill_on_drop: false }`
[INFO] [stderr] Cloning into bare repository '/workspace/cache/git-repos/https%3A%2F%2Fgithub.com%2Fdaemonl%2Fosmad'...
[INFO] running `Command { std: "git" "rev-parse" "HEAD", kill_on_drop: false }`
[INFO] [stdout] cbff715c538000ead75760bf378114e34cb3cc36
[INFO] checking daemonl/osmad against master#cfbc6d4cf1acbac5c025acf8ed68929caa551df3 for pr-75494-beta
[INFO] running `Command { std: "git" "clone" "/workspace/cache/git-repos/https%3A%2F%2Fgithub.com%2Fdaemonl%2Fosmad" "/workspace/builds/worker-4/source", kill_on_drop: false }`
[INFO] [stderr] Cloning into '/workspace/builds/worker-4/source'...
[INFO] [stderr] done.
[INFO] validating manifest of git repo https://github.com/daemonl/osmad on toolchain cfbc6d4cf1acbac5c025acf8ed68929caa551df3
[INFO] running `Command { std: "/workspace/cargo-home/bin/cargo" "+cfbc6d4cf1acbac5c025acf8ed68929caa551df3" "read-manifest" "--manifest-path" "Cargo.toml", kill_on_drop: false }`
[INFO] started tweaking git repo https://github.com/daemonl/osmad
[INFO] finished tweaking git repo https://github.com/daemonl/osmad
[INFO] tweaked toml for git repo https://github.com/daemonl/osmad written to /workspace/builds/worker-4/source/Cargo.toml
[INFO] crate git repo https://github.com/daemonl/osmad already has a lockfile, it will not be regenerated
[INFO] running `Command { std: "/workspace/cargo-home/bin/cargo" "+cfbc6d4cf1acbac5c025acf8ed68929caa551df3" "fetch" "--locked" "--manifest-path" "Cargo.toml", kill_on_drop: false }`
[INFO] [stderr] error: the lock file /workspace/builds/worker-4/source/Cargo.lock needs to be updated but --locked was passed to prevent this
[INFO] [stderr] If you want to try to generate the lock file without accessing the network, use the --offline flag.
[INFO] the lockfile is outdated, regenerating it
[INFO] running `Command { std: "/workspace/cargo-home/bin/cargo" "+cfbc6d4cf1acbac5c025acf8ed68929caa551df3" "generate-lockfile" "--manifest-path" "Cargo.toml" "-Zno-index-update", kill_on_drop: false }`
[INFO] running `Command { std: "/workspace/cargo-home/bin/cargo" "+cfbc6d4cf1acbac5c025acf8ed68929caa551df3" "fetch" "--locked" "--manifest-path" "Cargo.toml", kill_on_drop: false }`
[INFO] [stderr]  Downloading crates ...
[INFO] [stderr]   Downloaded rusqlite v0.24.0
[INFO] [stderr]   Downloaded libsqlite3-sys v0.20.0
[INFO] running `Command { std: "docker" "create" "-v" "/var/lib/crater-agent-workspace/builds/worker-4/target:/opt/rustwide/target:rw,Z" "-v" "/var/lib/crater-agent-workspace/builds/worker-4/source:/opt/rustwide/workdir:ro,Z" "-v" "/var/lib/crater-agent-workspace/cargo-home:/opt/rustwide/cargo-home:ro,Z" "-v" "/var/lib/crater-agent-workspace/rustup-home:/opt/rustwide/rustup-home:ro,Z" "-e" "SOURCE_DIR=/opt/rustwide/workdir" "-e" "CARGO_TARGET_DIR=/opt/rustwide/target" "-e" "CARGO_HOME=/opt/rustwide/cargo-home" "-e" "RUSTUP_HOME=/opt/rustwide/rustup-home" "-w" "/opt/rustwide/workdir" "-m" "1610612736" "--user" "0:0" "--network" "none" "rustops/crates-build-env@sha256:a636fd89d022f18117e1dc8fb37a0a009933cdbbe082814857f0e2024962d47c" "/opt/rustwide/cargo-home/bin/cargo" "+cfbc6d4cf1acbac5c025acf8ed68929caa551df3" "metadata" "--no-deps" "--format-version=1", kill_on_drop: false }`
[INFO] [stdout] c8746d7af2e52e5b0b54cc13ca97db8ee7d4cebbf96b86d0852809ffb3545f1a
[INFO] [stderr] WARNING: Your kernel does not support swap limit capabilities or the cgroup is not mounted. Memory limited without swap.
[INFO] running `Command { std: "docker" "start" "-a" "c8746d7af2e52e5b0b54cc13ca97db8ee7d4cebbf96b86d0852809ffb3545f1a", kill_on_drop: false }`
[INFO] running `Command { std: "docker" "inspect" "c8746d7af2e52e5b0b54cc13ca97db8ee7d4cebbf96b86d0852809ffb3545f1a", kill_on_drop: false }`
[INFO] running `Command { std: "docker" "rm" "-f" "c8746d7af2e52e5b0b54cc13ca97db8ee7d4cebbf96b86d0852809ffb3545f1a", kill_on_drop: false }`
[INFO] [stdout] c8746d7af2e52e5b0b54cc13ca97db8ee7d4cebbf96b86d0852809ffb3545f1a
[INFO] running `Command { std: "docker" "create" "-v" "/var/lib/crater-agent-workspace/builds/worker-4/target:/opt/rustwide/target:rw,Z" "-v" "/var/lib/crater-agent-workspace/builds/worker-4/source:/opt/rustwide/workdir:ro,Z" "-v" "/var/lib/crater-agent-workspace/cargo-home:/opt/rustwide/cargo-home:ro,Z" "-v" "/var/lib/crater-agent-workspace/rustup-home:/opt/rustwide/rustup-home:ro,Z" "-e" "SOURCE_DIR=/opt/rustwide/workdir" "-e" "CARGO_TARGET_DIR=/opt/rustwide/target" "-e" "CARGO_INCREMENTAL=0" "-e" "RUST_BACKTRACE=full" "-e" "RUSTFLAGS=--cap-lints=forbid" "-e" "CARGO_HOME=/opt/rustwide/cargo-home" "-e" "RUSTUP_HOME=/opt/rustwide/rustup-home" "-w" "/opt/rustwide/workdir" "-m" "1610612736" "--user" "0:0" "--network" "none" "rustops/crates-build-env@sha256:a636fd89d022f18117e1dc8fb37a0a009933cdbbe082814857f0e2024962d47c" "/opt/rustwide/cargo-home/bin/cargo" "+cfbc6d4cf1acbac5c025acf8ed68929caa551df3" "check" "--frozen" "--all" "--all-targets" "--message-format=json", kill_on_drop: false }`
[INFO] [stderr] WARNING: Your kernel does not support swap limit capabilities or the cgroup is not mounted. Memory limited without swap.
[INFO] [stdout] d2bbbfd1cfa70b181e4a34950a0c9fb8a2887729ddfc9c8738e41ae9d59dd6e3
[INFO] running `Command { std: "docker" "start" "-a" "d2bbbfd1cfa70b181e4a34950a0c9fb8a2887729ddfc9c8738e41ae9d59dd6e3", kill_on_drop: false }`
[INFO] [stderr]     Checking cfg-if v0.1.10
[INFO] [stderr]    Compiling syn v1.0.39
[INFO] [stderr]    Compiling memchr v2.3.3
[INFO] [stderr]     Checking lazy_static v1.4.0
[INFO] [stderr]     Checking slab v0.4.2
[INFO] [stderr]    Compiling bitflags v1.2.1
[INFO] [stderr]    Compiling httparse v1.3.4
[INFO] [stderr]     Checking rustc-serialize v0.3.24
[INFO] [stderr]     Checking tower-service v0.3.0
[INFO] [stderr]     Checking futures-channel v0.3.5
[INFO] [stderr]     Checking http v0.2.1
[INFO] [stderr]     Checking log v0.4.11
[INFO] [stderr]     Checking net2 v0.2.34
[INFO] [stderr]     Checking socket2 v0.3.12
[INFO] [stderr]     Checking tracing-core v0.1.15
[INFO] [stderr]     Checking want v0.3.0
[INFO] [stderr]     Checking tracing v0.1.19
[INFO] [stderr]     Checking mio v0.6.22
[INFO] [stderr]     Checking rusqlite v0.24.0
[INFO] [stderr]     Checking tokio v0.2.22
[INFO] [stderr]     Checking time v0.1.43
[INFO] [stderr]     Checking http-body v0.3.1
[INFO] [stderr]     Checking tokio-util v0.3.1
[INFO] [stderr]    Compiling pin-project-internal v0.4.23
[INFO] [stderr]     Checking pin-project v0.4.23
[INFO] [stderr]     Checking futures-util v0.3.5
[INFO] [stderr]     Checking h2 v0.2.6
[INFO] [stderr]     Checking hyper v0.13.7
[INFO] [stderr]     Checking osmad v0.1.0 (/opt/rustwide/workdir)
[INFO] [stdout] error[E0432]: unresolved imports `hyper::server::Request`, `hyper::server::Response`
[INFO] [stdout]  --> src/main.rs:8:29
[INFO] [stdout]   |
[INFO] [stdout] 8 | use hyper::server::{Server, Request, Response};
[INFO] [stdout]   |                             ^^^^^^^  ^^^^^^^^ no `Response` in `server`
[INFO] [stdout]   |                             |
[INFO] [stdout]   |                             no `Request` in `server`
[INFO] [stdout] 
[INFO] [stdout] 
[INFO] [stdout] error[E0432]: unresolved import `hyper::uri`
[INFO] [stdout]  --> src/main.rs:9:5
[INFO] [stdout]   |
[INFO] [stdout] 9 | use hyper::uri;
[INFO] [stdout]   |     ^^^^^^^---
[INFO] [stdout]   |     |      |
[INFO] [stdout]   |     |      help: a similar name exists in the module (notice the capitalization): `Uri`
[INFO] [stdout]   |     no `uri` in the root
[INFO] [stdout] 
[INFO] [stdout] 
[INFO] [stdout] error[E0432]: unresolved imports `hyper::server::Request`, `hyper::server::Response`
[INFO] [stdout]  --> src/encode.rs:5:21
[INFO] [stdout]   |
[INFO] [stdout] 5 | use hyper::server::{Request, Response};
[INFO] [stdout]   |                     ^^^^^^^  ^^^^^^^^ no `Response` in `server`
[INFO] [stdout]   |                     |
[INFO] [stdout]   |                     no `Request` in `server`
[INFO] [stdout] 
[INFO] [stdout] 
[INFO] [stdout] error[E0405]: cannot find trait `Handler` in module `hyper::server`
[INFO] [stdout]   --> src/main.rs:57:21
[INFO] [stdout]    |
[INFO] [stdout] 57 | impl hyper::server::Handler for Handler {
[INFO] [stdout]    |                     ^^^^^^^ not found in `hyper::server`
[INFO] [stdout] 
[INFO] [stdout] 
[INFO] [stdout] warning: trait objects without an explicit `dyn` are deprecated
[INFO] [stdout]   --> src/encode.rs:14:18
[INFO] [stdout]    |
[INFO] [stdout] 14 |     res: &'a mut Write,
[INFO] [stdout]    |                  ^^^^^ help: use `dyn`: `dyn Write`
[INFO] [stdout]    |
[INFO] [stdout]    = note: `#[warn(bare_trait_objects)]` on by default
[INFO] [stdout] 
[INFO] [stdout] 
[INFO] [stdout] warning: trait objects without an explicit `dyn` are deprecated
[INFO] [stdout]   --> src/encode.rs:35:22
[INFO] [stdout]    |
[INFO] [stdout] 35 |     let writer: &mut Write = &mut res.start().unwrap();
[INFO] [stdout]    |                      ^^^^^ help: use `dyn`: `dyn Write`
[INFO] [stdout] 
[INFO] [stdout] 
[INFO] [stdout] error: aborting due to 4 previous errors; 2 warnings emitted
[INFO] [stdout] 
[INFO] [stdout] 
[INFO] [stdout] Some errors have detailed explanations: E0405, E0432.
[INFO] [stdout] 
[INFO] [stdout] For more information about an error, try `rustc --explain E0405`.
[INFO] [stdout] 
[INFO] [stderr] error: could not compile `osmad`.
[INFO] [stderr] 
[INFO] [stderr] To learn more, run the command again with --verbose.
[INFO] [stderr] warning: build failed, waiting for other jobs to finish...
[INFO] [stdout] error[E0432]: unresolved imports `hyper::server::Request`, `hyper::server::Response`
[INFO] [stdout]  --> src/main.rs:8:29
[INFO] [stdout]   |
[INFO] [stdout] 8 | use hyper::server::{Server, Request, Response};
[INFO] [stdout]   |                             ^^^^^^^  ^^^^^^^^ no `Response` in `server`
[INFO] [stdout]   |                             |
[INFO] [stdout]   |                             no `Request` in `server`
[INFO] [stdout] 
[INFO] [stdout] 
[INFO] [stdout] error[E0432]: unresolved import `hyper::uri`
[INFO] [stdout]  --> src/main.rs:9:5
[INFO] [stdout]   |
[INFO] [stdout] 9 | use hyper::uri;
[INFO] [stdout]   |     ^^^^^^^---
[INFO] [stdout]   |     |      |
[INFO] [stdout]   |     |      help: a similar name exists in the module (notice the capitalization): `Uri`
[INFO] [stdout]   |     no `uri` in the root
[INFO] [stdout] 
[INFO] [stdout] 
[INFO] [stdout] error[E0432]: unresolved imports `hyper::server::Request`, `hyper::server::Response`
[INFO] [stdout]  --> src/encode.rs:5:21
[INFO] [stdout]   |
[INFO] [stdout] 5 | use hyper::server::{Request, Response};
[INFO] [stdout]   |                     ^^^^^^^  ^^^^^^^^ no `Response` in `server`
[INFO] [stdout]   |                     |
[INFO] [stdout]   |                     no `Request` in `server`
[INFO] [stdout] 
[INFO] [stdout] 
[INFO] [stdout] error[E0405]: cannot find trait `Handler` in module `hyper::server`
[INFO] [stdout]   --> src/main.rs:57:21
[INFO] [stdout]    |
[INFO] [stdout] 57 | impl hyper::server::Handler for Handler {
[INFO] [stdout]    |                     ^^^^^^^ not found in `hyper::server`
[INFO] [stdout] 
[INFO] [stdout] 
[INFO] [stdout] warning: trait objects without an explicit `dyn` are deprecated
[INFO] [stdout]   --> src/encode.rs:14:18
[INFO] [stdout]    |
[INFO] [stdout] 14 |     res: &'a mut Write,
[INFO] [stdout]    |                  ^^^^^ help: use `dyn`: `dyn Write`
[INFO] [stdout]    |
[INFO] [stdout]    = note: `#[warn(bare_trait_objects)]` on by default
[INFO] [stdout] 
[INFO] [stdout] 
[INFO] [stdout] warning: trait objects without an explicit `dyn` are deprecated
[INFO] [stdout]   --> src/encode.rs:35:22
[INFO] [stdout]    |
[INFO] [stdout] 35 |     let writer: &mut Write = &mut res.start().unwrap();
[INFO] [stdout]    |                      ^^^^^ help: use `dyn`: `dyn Write`
[INFO] [stdout] 
[INFO] [stdout] 
[INFO] [stdout] error: aborting due to 4 previous errors; 2 warnings emitted
[INFO] [stdout] 
[INFO] [stdout] 
[INFO] [stdout] Some errors have detailed explanations: E0405, E0432.
[INFO] [stdout] 
[INFO] [stdout] For more information about an error, try `rustc --explain E0405`.
[INFO] [stdout] 
[INFO] [stderr] error: build failed
[INFO] running `Command { std: "docker" "inspect" "d2bbbfd1cfa70b181e4a34950a0c9fb8a2887729ddfc9c8738e41ae9d59dd6e3", kill_on_drop: false }`
[INFO] running `Command { std: "docker" "rm" "-f" "d2bbbfd1cfa70b181e4a34950a0c9fb8a2887729ddfc9c8738e41ae9d59dd6e3", kill_on_drop: false }`
[INFO] [stdout] d2bbbfd1cfa70b181e4a34950a0c9fb8a2887729ddfc9c8738e41ae9d59dd6e3
